t w(o) = 320*o + 34223. Give w(-107).
-17
Let m(r) = r**3 + 99*r**2 + 1831*r - 11065. Determine m(-71).
82
Let v(t) = 119361*t + 119409. Calculate v(-1).
48
Let a(p) = 3*p**2 - 1117*p + 16096. Give a(15).
16
Let k(l) = -l**3 - 2556*l**2 - 45520*l + 416221. Determine k(-2538).
-11
Let m(p) = 2*p**2 - 74*p + 717. Determine m(20).
37
Let w(b) = 47*b + 272. What is w(-39)?
-1561
Let x(d) = -d**3 - 65*d**2 - 64*d + 10952. Give x(-61).
-28
Let o(n) = -7*n**2 + 14*n + 406. What is o(15)?
-959
Let w(v) = 1913*v - 22365. Determine w(12).
591
Let d(h) = h**2 - 45827*h + 6897065. What is d(151)?
-11
Let c(o) = 729*o - 10645. What is c(13)?
-1168
Let v(y) = -9*y**2 + 342*y - 3210. Give v(17).
3
Let k(l) = 11331*l + 56790. What is k(-5)?
135
Let f(z) = 486*z**2 + 99*z - 329. Determine f(3).
4342
Let y(q) = -3*q**3 - 96*q**2 + 111*q + 3549. What is y(-32)?
-3
Let j(y) = -y**3 + 21*y**2 - 458*y + 10519. What is j(22)?
-41
Let q(f) = f**2 - 49137*f - 491559. What is q(-10)?
-89
Let f(x) = -186931*x + 1308510. Calculate f(7).
-7
Let b(c) = 8*c**3 + 81*c**2 - 45*c - 365. Calculate b(-10).
185
Let t(g) = -7*g**2 + 31013*g + 936690. Give t(-30).
0
Let c(s) = -67*s - 11880. Give c(-176).
-88
Let w(c) = -5*c**2 + 4061*c + 461158. Determine w(-101).
-8
Let h(q) = 412*q**2 + 3281*q - 67. What is h(-8)?
53
Let n(g) = -29252*g - 672820. Give n(-23).
-24
Let y(j) = 4*j**2 - 8384*j + 33474. Determine y(4).
2
Let d(q) = -2588*q - 224948. What is d(-87)?
208
Let j(g) = 2057*g**2 + 28*g + 27. What is j(-1)?
2056
Let a(d) = 2*d**3 - 574*d**2 + 36096*d - 1064. What is a(93)?
52
Let k(u) = u**3 - 95*u**2 - 1355*u - 4926. Calculate k(108).
366
Let v(m) = -1119*m - 219432. Give v(-196).
-108
Let j(b) = -14920*b - 7713642. Determine j(-517).
-2
Let y(j) = -485*j**2 + 33949*j + 64. Determine y(70).
-6
Let v(w) = -4862*w - 9487. What is v(-2)?
237
Let j(b) = 19*b**2 + 1410*b - 13925. Calculate j(10).
2075
Let a(u) = -20831*u - 395781. Give a(-19).
8
Let a(r) = -10970*r + 44082. Determine a(4).
202
Let s(z) = 1054*z - 90640. Calculate s(86).
4
Let w(q) = -2*q**2 - 2587*q + 243146. What is w(88)?
2
Let v(j) = 4087*j + 44945. What is v(-11)?
-12
Let z(g) = -1170*g - 94733. Determine z(-81).
37
Let a(k) = -k**3 - 49*k**2 - 528*k - 1626. What is a(-6)?
-6
Let q(g) = 2*g**2 - 28941*g - 231668. Give q(-8).
-12
Let v(h) = -1498*h**2 + 7929*h - 2190. What is v(5)?
5
Let d(v) = -3*v**3 - 60*v**2 + 127*v + 8. Calculate d(-14).
-5298
Let v(y) = 2*y**2 - 313*y + 6733. Calculate v(131).
52
Let g(f) = 7*f - 1040. Calculate g(70).
-550
Let f(u) = -529*u + 721. Determine f(-1).
1250
Let k(n) = -n**3 - 90*n**2 + 1508*n + 27. Determine k(14).
755
Let c(n) = n**2 - 96*n - 3620. Give c(-42).
2176
Let q(x) = 3*x**3 - 15*x**2 - 1497*x - 8710. What is q(-7)?
5
Let c(m) = 9*m**3 + 3*m**2 - 3028*m + 6042. Give c(2).
70
Let m(k) = -4*k**2 + 507*k + 6035. Calculate m(-11).
-26
Let r(x) = 10*x**2 - 27*x - 23365. Give r(-47).
-6
Let b(n) = -165672*n + 828366. Calculate b(5).
6
Let r(v) = -v**3 + 18*v**2 - 546*v + 4741. Give r(10).
81
Let v(y) = -21*y**2 - 1488*y + 130. Calculate v(-71).
-83
Let x(r) = -179718*r - 59. What is x(0)?
-59
Let x(c) = c**3 - 99*c**2 + 2333*c - 243458. Give x(100).
-158
Let v(f) = 3246*f**2 - 38*f - 23. Calculate v(1).
3185
Let x(q) = -7030*q + 1054499. Give x(150).
-1
Let o(h) = -110*h - 19347. Calculate o(-177).
123
Let y(c) = 266474*c - 266488. Determine y(1).
-14
Let x(i) = -i**3 + 173*i**2 - 204*i + 5436. What is x(172)?
-68
Let f(a) = -1080236*a + 6481455. Give f(6).
39
Let g(c) = -891*c - 171342. Give g(-192).
-270
Let q(v) = -2355*v + 42118. Calculate q(18).
-272
Let f(h) = 124290*h - 124292. Determine f(1).
-2
Let v(k) = 2984*k - 298. Determine v(0).
-298
Let h(f) = -301*f**2 - 363*f - 65. Give h(-1).
-3
Let m(o) = -25*o**2 + 17*o + 13. What is m(3)?
-161
Let d(z) = -3*z**2 + 820*z + 331831. Determine d(-223).
-216
Let z(n) = 2281*n + 66138. Give z(-29).
-11
Let i(y) = 2117*y - 78. Determine i(0).
-78
Let q(r) = 51823*r - 13577587. Calculate q(262).
39
Let j(n) = -n**2 + 404*n + 3864. What is j(-10)?
-276
Let c(f) = f**2 + 28*f + 41. What is c(13)?
574
Let v(z) = -z**2 - 11335*z - 45331. Calculate v(-4).
-7
Let x(n) = 60*n + 2936. Give x(-36).
776
Let a(m) = -661*m - 32. Calculate a(0).
-32
Let k(d) = -d**3 - 401*d**2 + 18066*d - 24750. Give k(-442).
2
Let i(a) = -12*a**3 - 11*a**2 + 20*a + 11. Calculate i(4).
-853
Let p(c) = -74*c**3 - 4*c**2 + 35*c + 38. Determine p(-1).
73
Let q(z) = z**3 + 114*z**2 + 751*z + 557. Give q(-107).
343
Let c(y) = -16*y**2 - 208*y - 726. Determine c(-7).
-54
Let a(m) = -1425*m + 343884. What is a(241)?
459
Let h(z) = 7*z**3 - 204*z**2 + 570*z - 55. Calculate h(26).
-107
Let m(c) = -c**3 - 19*c**2 - 84*c + 1. Calculate m(-14).
197
Let u(i) = 4*i**3 - 19*i + 29. Calculate u(2).
23
Let d(g) = -g**3 - 4*g**2 - 552*g - 1674. Give d(-3).
-27
Let f(q) = -8*q**2 - 5763*q + 262583. What is f(43)?
-18
Let u(d) = 1754*d - 114021. Give u(65).
-11
Let p(m) = m**3 - 21*m**2 + 334*m - 2295. Calculate p(10).
-55
Let q(o) = -o**3 + 25*o**2 + 625*o - 1000. Calculate q(40).
0
Let y(k) = 4*k**2 + 294*k - 22669. Give y(47).
-15
Let k(f) = 2*f**3 - 205*f**2 + 899*f - 1801. Determine k(98).
-135
Let v(z) = 29997*z - 59755. What is v(2)?
239
Let w(c) = -c**2 + 7686*c + 161804. What is w(-21)?
-43
Let h(w) = -199138*w - 995685. What is h(-5)?
5
Let j(s) = 14524*s + 43535. Give j(-3).
-37
Let j(c) = -2009*c - 60256. What is j(-30)?
14
Let c(q) = -2*q**2 + 227*q + 4062. What is c(130)?
-228
Let o(j) = -33*j + 9054. Determine o(269).
177
Let z(k) = -570*k + 2840. Give z(6).
-580
Let x(q) = -500*q - 42. Give x(1).
-542
Let q(n) = 6*n**3 + 628*n**2 + 302*n + 53767. What is q(-105)?
7
Let n(x) = -x**3 - 19*x**2 + 3*x + 778. Give n(-10).
-152
Let n(a) = -6*a**2 - 2652*a - 38425. Determine n(-15).
5
Let b(h) = -6*h**3 - 253*h**2 - 1487*h - 69. What is b(-7)?
1
Let i(n) = n**3 + 18*n**2 - 41*n - 123. Calculate i(-18).
615
Let t(u) = -3*u**3 + 112*u**2 - 64*u + 722. Calculate t(37).
-277
Let x(g) = -14680*g - 102231. What is x(-7)?
529
Let w(p) = p**2 + 938*p - 137595. Give w(129).
48
Let j(n) = -1733*n - 50236. What is j(-29)?
21
Let k(d) = -2*d**2 - 23077*d - 1171731. Calculate k(-51).
-6
Let t(u) = 2*u**3 - 224*u**2 + 6145*u - 130. What is t(48)?
-82
Let f(l) = -l**3 + 175*l**2 + 869*l - 27385. Determine f(179).
2
Let t(k) = k**2 + 186*k - 3262. Determine t(25).
2013
Let r(t) = -3*t**2 + 4465*t + 13403. Calculate r(-3).
-19
Let r(y) = -y**3 - 23*y**2 + 119*y + 1159. Give r(-26).
93
Let k(n) = -2*n**3 + 20*n**2 + 56*n - 477. Determine k(11).
-103
Let w(m) = -1807*m**2 + 18021*m + 503. Give w(10).
13
Let v(t) = -t**3 + 18*t**2 + 54*t + 2070. Give v(24).
-90
Let w(s) = s**3 - 1447*s**2 + 388398*s - 716. What is w(356)?
-4
Let f(h) = -1232*h + 11103. Determine f(9).
15
Let r(f) = -60399*f - 905818. Give r(-15).
167
Let b(l) = 47*l**2 + 6195*l + 6188. Give b(-1).
40
Let b(k) = -186883*k + 1121214. Give b(6).
-84
Let g(k) = k**3 + 40*k**2 + 654*k + 6984. Determine g(-25).
9
Let u(t) = -10*t**3 - 85*t**2 - 52*t - 878. Determine u(-9).
-5
Let m(a) = 1144*a - 12373. Give m(11).
211
Let f(w) = 1564*w**2 - 32836*w - 107. Calculate f(21).
61
Let c(d) = -7*d**3 + 591*d**2 + 346*d - 533. Give c(85).
-23
Let b(q) = -17*q**3 - 100*q**2 + 548*q + 49. Determine b(5).
-1836
Let t(d) = 227756*d + 7743698. Determine t(-34).
-6
Let r(a) = -162901*a - 1303188. What is r(-8)?
20
Let m(d) = 2745*d + 159204. What is m(-58)?
-6
Let m(z) = -8*z**2 - 193*z + 221. Give m(-27).
-400
Let c(n) = 4*n**2 + 132*n - 631. Determine c(-45).
1529
Let w(o) = 255*o - 2153. What is w(9)?
142
Let a(j) = 20*j - 441. What is a(11)?
-221
Let g(i) = i**3 - 21*i**2 - 769*i + 16685. Determine g(25).
-40
Let j(l) = 8*l**3 - 881*l**2 + 369*l - 28479. Give j(110).
11
Let z(b) = -b**3 - 276*b**2 + 2558*b + 4. Determine z(9).
-59
Let i(a) = -a**2 - 17*a + 10209. What is i(93)?
-21
Let s(c) = -88*c**3 + 2*c**2 - 50*c - 67. Give s(-2).
745
Let m(s) = -85*s**2 - 108*s + 121. Give m(-7).
-3288
Let k(q) = 129*q**2 + 1158*q - 1280. Give k(1).
7
Let x(y) = -18*y**2 - 1226*y - 10894. Determine x(-9).
-1318
Let p(i) = 2*i**3 + 17*i**2 + 8157*i + 65211. Calculate p(-8).
19
Let x(s) = 320*s - 7587. Determine x(18).
-1827
Let z(i) = 23*